(-907290)/(-130) - 2/13. Suppose 21069 = 5*s + 2*i, 4*s - i - z = 9871. Is s a prime number?
False
Let q = 2238 - 2239. Let w(y) = -41*y. Let a be w(-1). Is (q*a)/((-17)/51) a prime number?
False
Let k(r) = -r**2 + 4. Let p be k(2). Suppose 3*j - 30 = 3*w - 9, j + w + 1 = p. Suppose 5532 = j*v - 3*l, -6*v - 5*l + 9250 = -v. Is v a composite number?
False
Let a(z) = z**3 + 46*z**2 + 36*z + 24. Let d(t) = -34*t**3 + t**2 - 2. Let l be d(1). Is a(l) composite?
False
Let q be (354/(-24) - 6)*-8. Is (-27971)/q*-113*2 a prime number?
False
Suppose 3*n - 2040 = -3*n. Suppose m - 5*k - 1546 = n, -15 = -5*k. Is m prime?
True
Let u be (-6)/(-3)*(4 + 40). Let v = -279 + u. Let m = 382 + v. Is m a prime number?
True
Let x = 36313 - -42114. Is x composite?
False
Let b(a) = a**3 - 45*a**2 - 9*a + 417. Let w be b(45). Let i be -2236 + 1/(-1)*2. Is 6/(-3)*i/w composite?
False
Suppose -3*n - 8464 - 11507 = 0. Is -3*(-6 - n/(-9)) a prime number?
True
Let z = 6 + -3. Suppose -15 = c + 3*u, -3*c + 5*c - 5*u = 25. Suppose 676 = 2*a + z*i - 40, c = 4*i - 8. Is a prime?
False
Let c = 36 + -8. Let f be (-1668)/(-20) - (-20)/(-50). Let v = f - c. Is v prime?
False
Suppose -5*c + 3*f - 27 = 0, 12 - 27 = 3*c - 3*f. Is (-4468)/c*(-1008)/(-96) a prime number?
False
Let y = -256 - -258. Suppose y*b + 1623 = t, -4*t + 2*t - 5*b = -3291. Is t a prime number?
False
Let g = 1823 + -3325. Let h = g + 3891. Is h prime?
True
Let x = -510845 + 1128240. Is x a composite number?
True
Let o be 4/2 - (-8 - -5). Suppose 0*f = o*f - 5925. Suppose -5*g + 0*g + f = 0. Is g prime?
False
Suppose -188*w + 14 = -186*w. Suppose 2*i = -4*j + 6142, -3*j - 2*i + 4626 = -w*i. Is j composite?
True
Let f(z) = 893*z**3 - 6*z**2 + 22*z + 26. Is f(5) composite?
False
Suppose 32*i - 36*i = -12. Let y(m) = -11042*m + 1. Let b be y(-2). Suppose 0 = 4*f, 5*s - i*f - b = -2*f. Is s a prime number?
False
Let h(c) = -c**3 - 19*c**2 + 41*c - 14. Let s be ((-14)/(-8))/(10/(-120)). Let l be h(s). Suppose l*o - a - 680 = 6*o, o = -a + 678. Is o composite?
True
Suppose -4*r + 38*f + 691876 = 42*f, -3*r + 2*f + 518907 = 0. Is r prime?
True
Let l be (-12)/(-24) + (-6)/(-4). Suppose 1900 = -2*w - l*i + 7492, i + 2794 = w. Suppose 14*y = 47 + w. Is y prime?
False
Let n be (-176)/5 - 5/(-25). Let q = n - -37. Suppose 2*i = -4*z + 646, 2*i - q*z = 804 - 164. Is i a prime number?
False
Suppose h - 19 - 28 - 18 = 0. Is h a composite number?
True
Let r = -17968 + 26264. Suppose 9*s - 3953 - r = 0. Is s composite?
False
Let j = -205702 + 390581. Is j composite?
False
Suppose 4*o + 9 - 29 = 0. Suppose k + 24713 = o*h - 2*k, h - k - 4941 = 0. Let c = -3479 + h. Is c composite?
True
Let h(w) = 29*w**3 + 3*w**2 - 4. Let u(d) = 58*d**3 + 7*d**2 - 8. Let z(b) = 13*h(b) - 6*u(b). Let f be z(3). Is 1/(f/(-753) - -1) a composite number?
True
Let b = 3749 + -6066. Let w(j) = -j**3 + 38*j**2 - 33*j - 2. Let y be w(38). Let o = y - b. Is o a composite number?
False
Let q(w) be the second derivative of -w**5/20 + 13*w**4/12 - 37*w**3/6 + 9*w**2/2 - 33*w. Let n be q(9). Suppose n = 3*h + 187 - 838. Is h a composite number?
True
Suppose -5*d = 28*d - 132. Suppose -5*g + d*w = 7*w - 9130, -w = -2*g + 3641. Is g composite?
False
Is (-15)/(-36)*12 + 52/(-2)*-11 a composite number?
True
Let i(j) = 304*j + 3. Suppose -4*a + 20 = 5*l, -4*l - 15 = -9*l - 5*a. Is i(l) a prime number?
False
Suppose 5*r - r - 356 = 0. Let i = 1348 + -1350. Is -1*2/(i/r) composite?
False
Suppose 49397 = 2*b - 3*w, -5*w = -b + 22919 + 1755. Is b prime?
True
Suppose 2*b - f = 0, -2 = -7*b + 11*b - f. Let r(y) = -626*y + 5. Is r(b) a prime number?
True
Suppose 50*r = 1274679 + 201671. Is r prime?
True
Let m(d) = -11*d + 6. Let r be m(0). Suppose 0 = h + 5*t - r*t - 14275, 5*t - 71355 = -5*h. Is h composite?
True
Let m = 2735160 - 1802983. Is m a prime number?
True
Let r = -57 + 57. Is 1129/(-2)*(-4)/(r - -1) composite?
True
Suppose 4*c - 976 = -2*m + 66566, -2*c = -4*m + 135044. Is m prime?
False
Let c = -168 + 171. Suppose c*p - 4*u = 86, -5*p - u + 74 + 100 = 0. Is p prime?
False
Suppose -506114 - 1315987 - 248418 = -33*x. Is x prime?
True
Let p(j) = 472*j**2 + 4*j - 53. Let u(x) = -x**3 - 6*x**2 - 6*x + 14. Let l be u(-4). Is p(l) a prime number?
True
Suppose -7*s + 3*s + 96 = 0. Let c be s/18*3/4. Let w(i) = 209*i**3 - 2*i**2 + 2. Is w(c) composite?
True
Suppose 5*w + 2*n = 4*n + 125758, 3*w + 5*n - 75430 = 0. Suppose 20468 + w = 2*p. Is p a prime number?
False
Suppose -3*u + 39 = -2*y - 204, 0 = 3*y. Is (-11)/(33/12) + u a prime number?
False
Let j(d) = -18*d**3 + 23*d**2 - 4*d**2 - 36*d**2 - 7 - 103*d. Is j(-5) a composite number?
False
Let z = -10627 - 16545. Let x = -16679 - z. Is x composite?
True
Let a(u) = 107088*u - 8633. Is a(4) a prime number?
False
Suppose 0 = -4*d - 2*n, 0*d - 10 = -d + 2*n. Let k(t) = 9 - d - 44*t + 8. Is k(-8) prime?
True
Let x(d) = d - 5. Let n be x(3). Let g(m) be the first derivative of 1216*m**3/3 + 2*m**2 + 5*m + 25. Is g(n) prime?
True
Let o = 109 - 106. Suppose -5015 = -4*u + v, 6*u - o*u + 5*v - 3744 = 0. Is u composite?
True
Is 3/(153/38703435) - ((-3855)/255 + 15) a composite number?
True
Suppose 18*b + 30 = 28*b. Suppose 8*p = b*p + 9475. Is p composite?
True
Let c = -3945 - -15562. Is c a prime number?
True
Let d = -297 + 301. Suppose -f + 3636 - 1433 = d*r, -2*f + 2*r = -4386. Is f prime?
False
Let r be (-79)/(-4) + 0 - (-5)/20. Let j = -83 + r. Let b = j - -118. Is b a prime number?
False
Let q = -124 + 127. Suppose -o - q*a = -129 + 10, 4*o - 476 = -3*a. Is o composite?
True
Let k be 1*(-3)/21*-7. Is (k - -1)*21/(-14) - -13352 composite?
True
Let f be (731/129)/(1 - 205/204). Let x = 690 + f. Is 5*3*x/(-6) prime?
False
Let d(l) = -8*l**3 - 18*l**2 - 23*l - 20. Let i(x) = 9*x**3 + 18*x**2 + 24*x + 19. Let z(u) = 6*d(u) + 5*i(u). Is z(-18) a prime number?
False
Is 86/129 + 83821/3 prime?
True
Let y(g) = 31*g**2 - 12*g + 3. Let j be y(17). Suppose -v = -3*v + j. Is v prime?
False
Let u = 29 + -40. Let n(q) = -46*q + 20. Let v be n(u). Is (10 - 8)*(-2)/((-8)/v) composite?
False
Let t = 11463455 + -18052670. Is t/(-225) - 4/10 a composite number?
True
Is (-1882218)/(-472) + (15/12 - 0/2) a prime number?
True
Suppose 0 = -c + 2*z + 3, -5*z + 4 = -2*c - 3*z. Let h be 4*(-1)/(-1) - 3. Is h - 461/c - (-2)/14 a composite number?
False
Let s(p) = 7*p**2 - 6*p + 3*p - 3*p + 2 + 5*p**3. Let n be s(7). Let i = n + -759. Is i a prime number?
True
Let j = 86096 - 42295. Is j composite?
False
Let i(a) = 97*a**2 - 13*a + 8. Let v be i(-7). Suppose -j = 5*m + 4*j - 6065, -4*m + 2*j = -v. Is m composite?
False
Suppose -2*x = z - 567, -5*x + 929 = -2*z - 493. Suppose -l - 483 = s - 1844, 3*l = 12. Let m = s - x. Is m prime?
False
Let a be 1069*2 + (1 - 1). Suppose -2*p - 2*i = a, -3*i + i - 10 = 0. Let f = p + 1507. Is f composite?
False
Let p(z) = 2*z + 22. Let t be p(-9). Suppose 2*n + t*y = 5250, -2*y - 5245 = -2*n - y. Suppose -n - 5662 = -5*g. Is g prime?
True
Let k(o) = o**3 - 4*o**2 - 15*o + 14. Let d be k(6). Let s be 6/12 + (-26)/d. Suppose -v + 9544 = s*v. Is v a composite number?
False
Let o(n) = -55*n**3 - 159*n - 1721. Is o(-10) a composite number?
False
Let r(u) be the second derivative of -u**8/6720 + u**7/280 + u**6/360 + u**5/8 + u**4 + 17*u. Let z(y) be the third derivative of r(y). Is z(9) composite?
True
Let z be (64619 - -74) + (2 - 1) + 0. Suppose -5*s = -3*s - z. Is s composite?
True
Let q(x) = 4*x + 52. Let l be q(-11). Let k be (6/(-15))/(l/(-10))*4. Suppose 2*o - 98 = -m + 299, 593 = 3*o + k*m. Is o composite?
True
Suppose o - 69*s + 74*s - 298669 = 0, 5*o + 5*s - 1493445 = 0. Suppose 217*v = 239*v - o. Is v a composite number?
False
Let q(y) = 2*y**3 + 9*y**2 - 11*y + 2. Let g be q(-6). Let z = g - -45. Let b(r) = r**2 - 3*r + 4. Is b(z) prime?
False
Let p(t) = 3*t**2 + 30*t - 4. Let v(x) = x**2 + x + 16. Let m be v(-5). Let s be 495/m + 3/(-4). Is p(s) a composite number?
True
Is 317111 - (-4)/((-28)/(-49)) - 5 a composite number?
True
Is (-5331)/(-2)*146/73 composite?
True
Let v(o) = 56*o**2 - 172*o + 11323. Is v(84) composite?
False
Suppose s - 2486 = 12*s. Let g = 855 + s. Is g prime?
False
Suppose 5*x = 4*x + 6. Suppose f - 4*m + 8 = -8*m, -2*f = 3*m + x. Suppose -12416 = -3*z - 2*t, z - 4*t = -f*z + 413